or of 16 and m?
16
Let l = -303 + 177. Let z = l + 181. What is the greatest common divisor of 11 and z?
11
Suppose 22 = 2*g + 6. What is the greatest common divisor of g and 56?
8
Let m(u) = u + 2*u**2 - 4 + 4. Let x be m(-4). What is the highest common factor of x and 4?
4
Suppose 5 = -4*m + 3*m. Let b(u) = -u**2 - 9*u - 2. Let v be b(m). Calculate the highest common factor of v and 12.
6
Suppose 4*f + 211 = -517. Let o be 38/(-95) + f/(-5). Calculate the greatest common factor of 4 and o.
4
Suppose 0 = 4*k + 3*j - 93, -167 = -5*k + 2*j - 22. Suppose -5*a + 3*w + 72 = 0, w + k - 103 = -5*a. Calculate the greatest common factor of a and 135.
15
Suppose 3*r - 74 = 1279. What is the greatest common factor of r and 41?
41
Let t = 237 - 157. Let r be (-2)/(-1) - 116/(-2). Let o be r/(-3)*(-2)/4. What is the greatest common factor of o and t?
10
Suppose 0 = -5*b - 71 + 246. What is the greatest common factor of b and 10?
5
Let z = -3 - 0. Let h(f) = -2*f + 2 + 0*f + 0*f. Let y be h(z). Calculate the greatest common factor of y and 56.
8
Let c = 45 + -25. Calculate the highest common factor of c and 4.
4
Let a be (-32)/10 + (-1)/(-5). Let c be (16/(-12))/(2/a). Suppose -17 = -5*v + 4*q, -4 = -c*v - 3*q + 6*q. What is the greatest common divisor of v and 35?
5
Let l = 10 - -3. Suppose w = 4*w + 5*u + l, 5*w + 13 = -4*u. Let g = w + 8. Calculate the highest common divisor of g and 28.
7
Let w be (46/5)/(9/585). Let c be (177 + 0/(-2))/1. Suppose o + 4*k - 151 = 0, 3*o - w = 4*k - c. Calculate the greatest common factor of 13 and o.
13
Let p = 21 + -40. Let s = -12 - p. What is the greatest common divisor of 1 and s?
1
Let q(b) = 160*b**3 - b**2 + 2*b. Let c be q(1). What is the greatest common factor of 23 and c?
23
Let p = -139 - -143. Suppose 2*s = -4, -5*t - 4*s = -3*s - 18. What is the greatest common divisor of t and p?
4
Let y be (-52)/(-6) - (-6)/(-9). Let h = y - 2. Let w(l) = l + 30. Let m be w(0). What is the greatest common factor of h and m?
6
Suppose -3*t + 5*t = 2. Let u(d) = -d**3 - 2*d**2 + 3*d - 2. Let b be u(-3). Let l be (15/10)/(b/(-4)). Calculate the greatest common factor of l and t.
1
Let r = -20 - -130. Let w = -2 + r. Calculate the greatest common divisor of w and 27.
27
Let m = 29 + -16. What is the highest common factor of m and 65?
13
Let q be (2 - 1)*-1*-15. Let p be (6/(-5))/(4/(-10)). Calculate the greatest common divisor of p and q.
3
Let n(h) = h**2 + h - 1. Let a be n(0). Let d be 2/a*110/(-4). Suppose -5 = -t + 3*c, 0*t + 3*c = 2*t - 16. Calculate the highest common divisor of t and d.
11
Let b(h) = h - 5. Let u be b(5). Suppose k + 4 - 18 = u. Calculate the highest common factor of 112 and k.
14
Let o = 44 + 0. What is the highest common divisor of 4 and o?
4
Let f = 16 + -11. Let y(s) = s**3 - 5*s**2 + 7*s - 7. Let j be y(f). What is the greatest common factor of 14 and j?
14
Let d(p) = 14*p**2 - 1. Let h be d(1). Suppose -30 = -2*g + 4*t, 2*t + h + 35 = 4*g. Calculate the greatest common divisor of 22 and g.
11
Let l be (6/2 + -4)/(4/(-24)). What is the highest common divisor of l and 24?
6
Suppose -k - 1 = 3, p - k - 17 = 0. Calculate the highest common divisor of p and 117.
13
Let j(x) = x**2 - 4*x - 2. Let p be j(4). Let b be p - -9 - (3 + -1). Calculate the greatest common factor of 5 and b.
5
Let j = 56 - 89. Let p = 57 + j. What is the greatest common factor of p and 16?
8
Suppose -66 + 38 = -4*p. What is the highest common factor of 77 and p?
7
Let s(g) = g**2 + 2*g + 1. Let a be s(-2). Let d = -7 - -11. Calculate the highest common factor of d and a.
1
Suppose 2*y = 3*w + 41, -5*w + 2*y - 67 = -2*y. Let c = w - -21. Let h(j) = -j**2 - 12*j - 8. Let i be h(-8). Calculate the highest common factor of i and c.
6
Let h(n) = n**2 - 7*n + 12. Let b(w) = 9*w**3 + 2*w**2 - 1. Let p be b(1). Let s be h(p). What is the greatest common factor of 6 and s?
6
Suppose 0 = -3*r + l + 3, 4*l + 0*l + 4 = 4*r. Let m = r - 0. Calculate the greatest common divisor of 2 and m.
1
Let y = -3 + -39. Let j be 8/(-4*3/y). Suppose -3*k = 2*k - 20, j = 2*s + 4*k. What is the greatest common divisor of s and 66?
6
Suppose 5*i + 126 = 2*w + w, -126 = -3*w - 2*i. Let a be 0 + -1 + 1 + 28. Calculate the greatest common factor of a and w.
14
Let i be ((-195)/(-12))/(5*1/20). What is the greatest common divisor of 5 and i?
5
Suppose 4*w = -w + 280. Let x = -9 - -4. Let j be x/(-15)*(23 + 1). What is the highest common divisor of w and j?
8
Suppose -28*m + 33*m = 100. Calculate the greatest common divisor of m and 220.
20
Let u(n) = 4*n**2 + 3*n - 3. Let b be u(-3). Let g be 4/5*5/2. Suppose 0 = x - g - 6. Calculate the highest common divisor of x and b.
8
Let h(c) be the third derivative of -3*c**2 + 0*c + 1/3*c**3 - 11/12*c**4 + 0. Let m be h(-3). What is the greatest common divisor of m and 17?
17
Let c(h) = 5*h**2 + 2*h - 15. Let y be c(-5). Calculate the greatest common divisor of y and 20.
20
Let p = -12 - -35. Suppose p = 3*w + 5. Let j(m) = -7*m - 1. Let h be j(-1). Calculate the greatest common factor of h and w.
6
Let k be ((-2)/(-4))/((-5)/40). Let s(v) = -20*v - 3. Let o be s(k). What is the greatest common factor of 11 and o?
11
Suppose -8*x - c = -3*x - 101, 2*c - 2 = 0. Calculate the highest common factor of x and 220.
20
Let z = -3 + 14. What is the highest common divisor of z and 44?
11
Let y be 0/(6/(-3) + 4). Let x be (y/1)/(-1 + 2). Let b(h) = -h**2 + 33. Let g be b(x). What is the greatest common factor of g and 3?
3
Suppose 3*y = -5*v + 70, 0 = -y + 3 + 2. Calculate the greatest common factor of v and 11.
11
Suppose 4*c + 5 + 19 = 0. Let z be 0/(c/(6/(-2))). Suppose 3*t + z*t - 240 = 0. What is the greatest common factor of 8 and t?
8
Let g be (10 + 4)*(-2)/(-7). Suppose 26 = 3*s - g*q, -28 = -s - 3*s + 2*q. What is the greatest common divisor of s and 42?
6
Suppose 11*z - 245 = 4*z. What is the greatest common factor of z and 10?
5
Suppose -3 - 1 = -g - 2*x, -5*x + 13 = 4*g. Suppose 4*v - g = -2*w, 5*w - 2*w = 5*v + 36. What is the highest common divisor of w and 7?
7
Let t(v) = -v + 5. Let w be t(3). Suppose y + 165 = w*y. Calculate the greatest common divisor of 15 and y.
15
Suppose -5*i + 6*i - 288 = 0. Calculate the highest common factor of i and 32.
32
Suppose 24*k - 96 = 22*k. Calculate the greatest common divisor of 12 and k.
12
Let k be -1*(1 + -3 + -1). Suppose k*y + 0*y = 0. Suppose -2*q + y*q = -270. What is the greatest common factor of q and 15?
15
Let f(s) = 13 + 24 - 44 + s. Let q(o) = o + 10. Let l be q(0). Let z be f(l). What is the greatest common factor of z and 1?
1
Suppose v = 4*p - 8, 3*p + v = 2*p + 2. Let s be (-134)/(-4) + (-1)/p. Calculate the greatest common factor of 3 and s.
3
Let u = 27 + -71. Let v = -17 - u. What is the greatest common factor of 18 and v?
9
Suppose 4*q + 2*r = 104, 3*q + 35 = 2*r + 127. Let t be (-2 + 6)/(4/q). Calculate the greatest common divisor of 7 and t.
7
Let f(k) = -32*k - 27. Let l be f(-6). What is the greatest common factor of 33 and l?
33
Suppose 4*u + 9 = 21. Suppose 2*q = -2*t - t - 186, u*q - 9 = 0. Let b = -24 - t. Calculate the greatest common divisor of 16 and b.
8
Let v = -175 + 274. Suppose -4*k - 5*w = -v, -2*k + 57 = 3*w + 6. What is the highest common divisor of k and 42?
21
Let a = 13 - 4. Suppose -3*u - 81 = -2*x, -3*x = -2*u - 3*u - 120. Calculate the greatest common factor of x and a.
9
Let g(q) = 2*q**2 + 11*q + 10. Let d be g(-7). Calculate the greatest common factor of d and 186.
31
Let u be ((-3)/((-15)/(-2)))/((-16)/320). Calculate the highest common factor of u and 36.
4
Let q be -1*4/2 + 13. Suppose s + 2 = 2*s. Suppose s*i = 0, -2*g - i - i + 110 = 0. What is the greatest common divisor of q and g?
11
Suppose -4*p = -5*u - 112, -56 = -3*p + p + 2*u. Calculate the highest common factor of 112 and p.
28
Let d be (9/2)/(6/12). Calculate the highest common divisor of d and 12.
3
Let t be 1016/22 + (-4)/22. What is the highest common factor of 69 and t?
23
Let k(p) = -p**3 + 6*p**2 + 10*p + 2. Let c be k(7). Suppose 2*f - c = o, 0 = o - 3*o + 6. Calculate the highest common divisor of f and 91.
13
Suppose -4*a + 60 = -a. What is the greatest common factor of 10 and a?
10
Let n be (6/(-5))/((-2)/25). Let q = 37 - n. What is the highest 